ase 12) in base 14?
-77c9c
What is -24123013 (base 5) in base 2?
-110110100100010100
Convert -100301320 (base 5) to base 11.
-253758
What is 10021011121202 (base 3) in base 13?
489c0b
Convert -1321161 (base 7) to base 16.
-2a4fb
-32772a4 (base 11) to base 13
-1263957
-12232331130 (base 4) to base 16
-1aef5c
What is -244124 (base 7) in base 5?
-2412112
Convert 292328 (base 10) to base 12.
121208
What is 1021303400 (base 5) in base 15?
2c2835
-342233120 (base 5) to base 12
-616054
Convert 266f (base 16) to base 14.
382b
16247470 (base 8) to base 5
1430141312
443134213 (base 6) to base 2
11110011110111000000001
What is -1160164 (base 7) in base 4?
-210113131
Convert 555d05 (base 16) to base 11.
3181154
-664422 (base 7) to base 2
-11100100001100000
213220302 (base 4) to base 15
33189
Convert -7523114 (base 8) to base 10.
-2008652
Convert -2067163 (base 8) to base 16.
-86e73
What is -111033022132 (base 4) in base 16?
-54f29e
100101011110011011111010 (base 2) to base 13
205c71b
-8bf8d (base 16) to base 6
-20142141
What is -2870529 (base 10) in base 13?
-79674c
Convert -22527b (base 14) to base 12.
-483211
What is 23345220 (base 6) in base 16?
b21ac
Convert 1142200040 (base 5) to base 3.
12001212011021
-162364 (base 8) to base 6
-1131204
What is 26466 (base 15) in base 16?
1de80
Convert 6424544 (base 7) to base 14.
16415b
Convert 5476a (base 12) to base 13.
3baac
What is 1211210222 (base 3) in base 4?
20313122
Convert -b67ba (base 12) to base 2.
-111010011111111110
-10236 (base 7) to base 5
-40101
What is -13213454 (base 6) in base 8?
-1526512
2226301 (base 8) to base 10
601281
122001002222 (base 3) to base 11
20a008
Convert 496bb (base 14) to base 6.
3503541
Convert 95961d (base 15) to base 12.
2473b31
What is 111221010112 (base 3) in base 14?
71cd9
-1c1a856 (base 13) to base 9
-18506201
-103100323 (base 4) to base 11
-54314
89525 (base 10) to base 12
43985
Convert 2224850 (base 9) to base 7.
13115604
Convert 11185547 (base 10) to base 3.
210001021200112
Convert -5a759 (base 15) to base 9.
-478713
-2131027 (base 10) to base 9
-4007187
Convert 44431243 (base 5) to base 3.
201210101122
What is -58991 (base 10) in base 12?
-2a17b
-13312233002 (base 4) to base 13
-571382
What is -80345 (base 11) in base 7?
-666453
Convert 121432204 (base 5) to base 10.
577179
What is -303101432 (base 5) in base 2?
-100101010010111100101
Convert 7e830 (base 16) to base 15.
a3812
236140 (base 8) to base 6
1422544
-10010111110101111 (base 2) to base 15
-1807d
What is -246530 (base 7) in base 6?
-550502
1308836 (base 10) to base 13
36a979
Convert -1022002120 (base 3) to base 13.
-b850
-21448 (base 12) to base 13
-16c49
3a5181a (base 12) to base 3
210201221112111
Convert -500411 (base 6) to base 4.
-21201313
Convert 1001010101100011000110 (base 2) to base 13.
679079
-233022000 (base 4) to base 12
-93940
What is -228677 (base 10) in base 8?
-676505
-21626684 (base 9) to base 7
-154663666
473342 (base 10) to base 6
14051222
What is 12042161 (base 7) in base 9?
2008625
3323442403 (base 5) to base 6
415215320
-1202010002021 (base 3) to base 5
-214133344
What is -23350130 (base 7) in base 2?
-111110111100011000001
-6566561 (base 9) to base 14
-67ba67
-2102202011 (base 3) to base 14
-13677
Convert -14cc2 (base 16) to base 6.
-1454214
Convert -1010010001010111101 (base 2) to base 14.
-8a92d
Convert c3883 (base 14) to base 4.
1302331323
What is -229783 (base 12) in base 10?
-555795
-13374531 (base 8) to base 3
-12200001222212
-19aae9 (base 16) to base 3
-10011110110222
Convert -1011011000000010000110 (base 2) to base 5.
-1230411042
1532144 (base 7) to base 3
101122120222
5825998 (base 10) to base 4
112032113032
-8b00f (base 16) to base 8
-2130017
What is -123a30 (base 12) in base 5?
-34000324
What is -110011100000111 (base 2) in base 8?
-63407
4235043 (base 6) to base 7
1521666
138186a (base 11) to base 5
1101433332
514666 (base 8) to base 2
101001100110110110
Convert 2102112001 (base 4) to base 6.
20503041
-e36c7 (base 16) to base 5
-214302102
What is 4abcda (base 15) in base 7?
42314224
-20300023233 (base 4) to base 13
-6244cb
-302275 (base 10) to base 12
-126b17
101001011010011010101001 (base 2) to base 15
e46955
What is 91bd6 (base 14) in base 12?
14b040
What is 10011110000011111010 (base 2) in base 14?
12bd22
What is -1065976 (base 10) in base 9?
-2004217
What is 6652264 (base 7) in base 6?
25322151
-2003001 (base 5) to base 16
-7b8a
-2ac74 (base 13) to base 10
-81215
What is 22543300 (base 6) in base 9?
1273430
What is -752502 (base 8) in base 13?
-8a453
1d426 (base 14) to base 8
222232
-1860875 (base 10) to base 13
-502013
-2974321 (base 10) to base 8
-13261161
-10042200 (base 5) to base 12
-3a9b9
Convert 30111220213 (base 4) to base 6.
153153451
Convert -db1a2 (base 15) to base 11.
-4356a9
Convert -14057865 (base 9) to base 5.
-3234303343
Convert -10034002 (base 7) to base 12.
-341674
What is -1100100010011111111101 (base 2) in base 9?
-6158863
-ba912b (base 12) to base 2
-1011010010101101110011
Convert -263247 (base 9) to base 14.
-42384
Convert -2bb3a (base 14) to base 6.
-2201400
-33a4a (base 11) to base 6
-1015404
What is 1147470 (base 8) in base 2?
1001100111100111000
-290150b (base 12) to base 9
-16408332
Convert 243a6 (base 16) to base 12.
71a5a
-1153121 (base 7) to base 16
-24062
2131100401 (base 5) to base 8
21266725
Convert 496c3 (base 15) to base 4.
321032220
Convert 72461 (base 13) to base 2.
110010000100010100
What is -65a (base 15) in base 7?
-4120
-4757 (base 15) to base 2
-11101100110101
313563 (base 9) to base 13
66a92
Convert -690bbd (base 14) to base 13.
-9822bb
Convert 210011020222200 (base 3) to base 10.
11244087
Convert -205523 (base 9) to base 12.
-5a849
What is 110000100011101000 (base 2) in base 5?
22331023
Convert 32020203212 (base 4) to base 9.
6866345
4060314 (base 7) to base 14
c8b44
What is 4434167 (base 10) in base 5?
2113343132
Convert 471472 (base 8) to base 5.
20114240
202825a (base 12) to base 6
333105354
-9c06c3 (base 14) to base 8
-24164743
Convert -130165 (base 8) to base 5.
-2421143
What is 1254655 (base 9) in base 7?
5554256
115cbb (base 14) to base 11
375156
-405330502 (base 6) to base 15
-92cd62
-6546112 (base 7) to base 9
-1451581
6e9cfa (base 16) to base 6
415212510
Convert -1c91cac (base 13) to base 9.
-18855486
What is -10465561 (base 8) in base 13?
-60c968
Convert 18492b4 (base 12) to base 5.
2244404220
Convert 35964 (base 12) to base 2.
10001101000011100
Convert 435401 (base 8) to base 9.
242458
Convert -8035 (base 10) to base 11.
-6045
1210021022101 (base 3) to base 11
59991a
What is -258656 (base 10) in base 12?
-105828
Convert -10111002112122 (base 3) to base 12.
-75395b
768b (base 14) to base 10
20507
32002133 (base 4) to base 7
326435
Convert 23b33b0 (base 12) to base 8.
32412564
Convert 7054213 (base 8) to base 15.
26a650
What is -187474 (base 12) in base 6?
-13055024
Convert f996 (base 16) to base 10.
63894
What is -11001010110010001 (base 2) in base 13?
-38347
Convert -512744 (base 8) to base 2.
-101001010111100100
1063c35 (base 13) to base 2
10011000110010111110110
Convert 30097 (base 13) to base 6.
1501131
Convert -266b3 (base 15) to base 9.
-206666
-42122300 (base 5) to base 11
-218883
What is 17443 (base 12) in base 13?
122ca
What is 41214100 (base 5) in base 2?
1010001111010100101
Convert 651163 (base 11) to base 16.
fe288
Convert 1002415 (base 6) to base 5.
3002433
Convert 1101111000010110000 (base 2) to base 11.
2907a4
What is 123431144 (base 5) in base 10?
608299
What is -12123113 (base 5) in base 15?
-23c58
6630 (base 10) to base 13
3030
What is 214234a (base 11) in base 12?
1317360
Convert -10613511 (base 7) to base 5.
-214144233
Convert 1201212020001 (base 3) to base 6.
31434044
Convert -112212021110 (base 3) to base 2.
-1000111011010110010
Convert -3204431011 (base 5) to base 15.
-8ca621
Convert 3b7748 (base 12) to base 15.
147a02
-28110a (base 15) to base 3
-10121220211201
Convert -7631105 (base 8) to base 6.
-111453113
Convert 1121122212012 (base 3) to base 15.
11e978
Convert 3c46b (base 13) to base 5.
12102222
What is -383648 (base 9) in base 8?
-705640
49494 (base 12) to base 13
361b7
-8c5db (base 14) to base 4
-1103112311
4432103 (base 5) to base 7
440636
11101001000001101 (base 2) to base 4
131020